ivisor of i and g?
15
Let x(g) = -g**3 + 9*g**2 - g + 9. Let q be x(9). Suppose -k = -q*k. Suppose 0 = -r - k + 11. What is the highest common divisor of 1 and r?
1
Let y be 39*(-5)/(-15) + -2. Calculate the greatest common divisor of y and 1.
1
Suppose t + 2*j + 12 = 0, 2*t + j + 19 = -2*j. Let u = -1 - -4. Let f = u - t. What is the highest common divisor of 10 and f?
5
Suppose 0 = -4*s + p + 2*p + 65, -2*s + 3*p = -31. Let n = s + -6. Let x = n - -10. Calculate the greatest common factor of x and 7.
7
Let t = -3 + -3. Let n be 40/(-6)*63/t. Let w(u) = 2*u**2 - 10*u. Let x be w(7). What is the greatest common factor of n and x?
14
Suppose -2*h = -104 - 20. Suppose -7 + h = 5*k. Calculate the greatest common divisor of 99 and k.
11
Let j be (-6)/(-5)*35/14. Calculate the greatest common factor of 27 and j.
3
Let l = 8 + -10. Let c(g) = -9*g**3 + g**2 + 1. Let t be c(l). Suppose -8 = -4*s - 6*m + m, -5*m - 20 = 0. Calculate the greatest common factor of t and s.
7
Let c be (-1)/(1 + 22/(-20)). Suppose -73*v = -79*v + 660. Calculate the greatest common factor of c and v.
10
Suppose -5*l + 896 = 201. Let t = 251 - l. Let m(b) = b**2 - 22*b - 7. Let u be m(23). Calculate the greatest common factor of u and t.
16
Let x be (1 - (-12)/(-20)) + 196/10. What is the highest common factor of 40 and x?
20
Let z = -8 + 10. Suppose -16 = -z*i + i. Calculate the greatest common factor of 8 and i.
8
Let o(y) = -5*y**2 + 102*y - 39. Let v be o(20). Suppose 2*q = -5*c + 23, -q + 4*q = -c + 28. What is the highest common factor of v and q?
1
Let b be (6/4)/(8/144). Calculate the greatest common divisor of b and 18.
9
Suppose -98 = -3*p + 22. What is the highest common factor of 5 and p?
5
Suppose 5*g - 65 - 1135 = 0. Let q = g + -141. Calculate the highest common divisor of 9 and q.
9
Let h = 59 - 35. Suppose -20 = -5*v, -6 = -0*i - i - v. Suppose i*b - 12 = -2*b. Calculate the greatest common factor of b and h.
3
Suppose 3 + 5 = 4*u. Suppose -u*m = 7 + 7. Let f(l) = -l**3 - 7*l**2 - 2*l - 6. Let x be f(m). Calculate the highest common factor of x and 16.
8
Let f = 56 + -39. What is the greatest common factor of f and 17?
17
Suppose 0 = 3*w + 3*y - 51, -2*w + y + 32 = 5*y. Let q = -20 - -13. Let j(b) = -b + 5. Let g be j(q). Calculate the highest common divisor of g and w.
6
Let v = 14 + -3. Calculate the greatest common factor of 121 and v.
11
Let l be (64/(-10))/(-2)*50. Suppose 80 = 2*t - 7*x + 3*x, -4*t + 5*x + l = 0. What is the greatest common factor of t and 8?
8
Let p be (-948)/(-9) - 1/3. What is the greatest common factor of p and 15?
15
Let g = -9 - -13. Suppose -3*y + 3*r = -342, -20 = y - g*r - 131. What is the highest common divisor of y and 46?
23
Suppose 31 = -k - 4*n, 10 = 4*n + 30. Let l = k - -19. Let u be (-22)/l*(-1 + -3). Calculate the highest common factor of 110 and u.
11
Let x be 2*(-3)/6 + 81. Suppose 0 = -2*f - 8, -5*f = 2*n - 4*n + x. Suppose -2*i + 5*i = n. Calculate the highest common divisor of i and 70.
10
Let a = -2 - -11. Let g = -14 + 20. Suppose -5*y + 4*q = -413, g*q - 3*q = -5*y + 399. Calculate the highest common divisor of y and a.
9
Let s(u) = -u + 12. Let b be s(12). Suppose -3*o = -b*o. Suppose 0 = -r - o + 8. What is the highest common factor of r and 72?
8
Let c(s) = 5*s - 3. Let b be c(5). What is the greatest common divisor of 55 and b?
11
Let j(o) = -o**3 - 2*o**2 + 2*o. Let t be j(-3). Suppose -23 = -2*k - 3*s - 5, t*s = 0. Calculate the highest common factor of 9 and k.
9
Let r(u) = -u**2 + 12*u - 5. Let c be r(10). What is the greatest common factor of c and 6?
3
Let d(o) = -2*o. Let r be d(-3). Let m = 14 + r. Let s = m + -4. What is the greatest common factor of 112 and s?
16
Let c be ((-3)/9 - 0) + 8/6. What is the greatest common factor of c and 7?
1
Let b(z) = z**2 - 4*z - 8. Let g be b(6). Let o = 4 + g. What is the highest common factor of 8 and o?
8
Let t = -14 - -18. Suppose 4*j = -j + t*u + 474, 0 = j - 2*u - 90. What is the highest common divisor of j and 14?
14
Suppose -51 = -5*a + 3*g, 6*a - 51 = 2*a - g. What is the highest common factor of 36 and a?
12
Let a be (-20)/((-4)/1)*1. Let c(f) be the first derivative of f**2/2 - 1. Let w be c(5). What is the greatest common factor of a and w?
5
Let n(s) = s + 2. Let w be n(-3). Let k be (-145)/(-6) + w/6. Suppose -u + 24 = 3*u. What is the highest common factor of k and u?
6
Suppose 6*i + 24 = 2*p + 2*i, 0 = -3*p - i + 1. What is the highest common divisor of p and 1?
1
Suppose -19 = 3*q - 5*w, -2*q - 3*w = -4*q - 11. Suppose 0 = -5*u - 3*m + 225, 0 = u - q*u - 5*m + 23. Calculate the greatest common factor of 12 and u.
12
Suppose -64 = -5*v + 76. Suppose 3 = -3*y + 24. What is the greatest common factor of v and y?
7
Suppose -2*d - 5*f - 22 = -d, -25 = 5*f. Suppose 2*l - 5*w = 54, -d*w = 4*l - 5*w - 92. What is the greatest common divisor of l and 88?
22
Suppose -5*l - 4*w + 701 = -576, 5*l - 1268 = -w. What is the greatest common divisor of l and 23?
23
Suppose 0 = 3*g - 2*g - 24. Let z(j) = -j + 1. Let d be z(-5). Let l = d - 3. Calculate the highest common factor of l and g.
3
Let d(s) = 3*s**2 + s. Let c be d(-3). Let k be 5 + 3*(5 + -4). Calculate the greatest common factor of k and c.
8
Suppose 4*w - j - 83 = 0, 0 = -2*w - w - j + 64. Calculate the greatest common factor of w and 7.
7
Let c = -12 - -21. Let j(q) = q**2 + 4*q. Let s be j(-5). Let b = s - -1. Calculate the greatest common factor of b and c.
3
Let g(m) = -15*m - 36. Let i be g(-12). Calculate the greatest common factor of i and 18.
18
Let k = -67 + 97. Let i = -8 + -1. Let u be (i/(-27))/((-1)/(-18)). Calculate the highest common divisor of k and u.
6
Let m be (12/(-42))/((-1)/7). Suppose m*a - 5*a + 180 = 0. Calculate the highest common factor of 12 and a.
12
Let o = 22 + 41. Let r = 97 - o. Calculate the highest common factor of 17 and r.
17
Suppose 4*y = -2*v + 198, 4*y - 3*v - 203 = -0*y. Suppose 0 = 3*r - r - y. Let n = -87 + 92. What is the greatest common divisor of r and n?
5
Suppose x - 5 - 4 = 0. Calculate the highest common divisor of 279 and x.
9
Let p(j) = -j**3 - 2*j**2 + 5*j + 2. Let m be p(-4). Calculate the greatest common divisor of 21 and m.
7
Let y be (-6 - -3)*(-28)/12. Let g be (18/(-8))/((-2)/56). What is the highest common factor of y and g?
7
Let g = 87 + -85. What is the highest common divisor of 32 and g?
2
Let a = 129 - 124. Calculate the highest common factor of a and 2.
1
Let h be (-114)/18 + (-4)/6. Let i(m) = m + 6. Let o be i(h). Let l be (-28)/((0 - o)*-2). Calculate the highest common factor of l and 56.
14
Suppose 0 = -2*q - t + 8, 0 = -5*q - 2*t + 20. Calculate the greatest common factor of q and 4.
4
Let g = 23 + -39. Let d = g + 35. What is the highest common divisor of d and 19?
19
Suppose -2*q = -3*v + 32, -3*v - 4*q + 9 = -17. What is the highest common divisor of v and 80?
10
Let f be 0 + 2 + 0/4. Suppose -3*g + f*r + 0*r + 244 = 0, -5 = -5*r. Let c be g + (-1 - 0) + -1. What is the greatest common factor of 32 and c?
16
Suppose -5*o + 16 = u, -u - 2*u = -2*o - 65. Suppose u = 2*y - y. Let g be (-10)/4*(-18)/15. What is the greatest common factor of g and y?
3
Let s be 8/(-36) - 164/(-9). What is the highest common factor of s and 45?
9
Let h(d) = 3*d - 11. Let u be h(5). Suppose -5*y = 3*p - 1031, u*y - 5*p = -147 + 994. What is the greatest common factor of y and 26?
26
Suppose -6*j = -7*j + 8. Let z be ((-1)/2)/(2/80). Let q be j/z*(-16 - -1). What is the greatest common divisor of q and 2?
2
Let o(c) = 5*c - 9. Let u be o(11). What is the greatest common divisor of 230 and u?
46
Suppose 3*q = 185 + 46. Suppose -2 + q = 5*b. Calculate the greatest common factor of 30 and b.
15
Let w = 68 - 45. Calculate the greatest common divisor of w and 115.
23
Let n be 10/2 - (-40 - 0). Calculate the greatest common divisor of n and 18.
9
Suppose -7*k - 63 = -16*k. What is the highest common factor of k and 35?
7
Let n(k) = -k**3 + 4*k**2 - 3*k + 2. Let f be n(3). Suppose -4*d = -f*d - 84. Calculate the greatest common factor of 6 and d.
6
Let q(p) = -17*p. Let d be q(-3). Calculate the greatest common factor of 17 and d.
17
Let s(m) = 5 - 1 + 3*m - 3*m + 3*m + m**2. Let w be s(-3). Suppose 14 = q + 2. What is the highest common divisor of q an